957
What are the prime factors of 142228?
2, 31, 37
What are the prime factors of 3627340?
2, 5, 293, 619
What are the prime factors of 813372?
2, 3, 7, 23, 421
What are the prime factors of 1557347?
11, 31, 4567
List the prime factors of 31227880.
2, 5, 780697
List the prime factors of 2430367.
701, 3467
What are the prime factors of 1904954?
2, 113, 8429
List the prime factors of 774868.
2, 307, 631
What are the prime factors of 11611?
17, 683
List the prime factors of 886594.
2, 37, 11981
What are the prime factors of 352714?
2, 176357
What are the prime factors of 305773?
13, 43, 547
List the prime factors of 152168.
2, 23, 827
What are the prime factors of 2513065?
5, 502613
List the prime factors of 8773168.
2, 548323
What are the prime factors of 13775451?
3, 4591817
What are the prime factors of 260426?
2, 59, 2207
What are the prime factors of 923128?
2, 23, 29, 173
List the prime factors of 5641118.
2, 7, 23, 17519
List the prime factors of 4296675.
3, 5, 59, 971
What are the prime factors of 431018?
2, 7, 17, 1811
What are the prime factors of 10682132?
2, 2670533
List the prime factors of 9153828.
2, 3, 89, 2857
What are the prime factors of 9683599?
9683599
What are the prime factors of 77714?
2, 7, 13, 61
List the prime factors of 1918107.
3, 19, 3739
List the prime factors of 423983.
7, 37, 1637
What are the prime factors of 375361?
7, 53623
What are the prime factors of 21746?
2, 83, 131
List the prime factors of 8746242.
2, 3, 1013, 1439
What are the prime factors of 714125?
5, 29, 197
List the prime factors of 28279837.
1301, 21737
What are the prime factors of 552051?
3, 61339
List the prime factors of 4367775.
3, 5, 58237
What are the prime factors of 7773310?
2, 5, 23, 33797
List the prime factors of 969674.
2, 313, 1549
List the prime factors of 4485577.
19, 307, 769
What are the prime factors of 1833321?
3, 7, 67, 1303
List the prime factors of 10342914.
2, 3, 47, 36677
List the prime factors of 1416305.
5, 11, 2341
List the prime factors of 139265.
5, 7, 23, 173
List the prime factors of 7895635.
5, 11, 89, 1613
List the prime factors of 2278062.
2, 3, 19, 6661
List the prime factors of 338996.
2, 7, 12107
List the prime factors of 192360.
2, 3, 5, 7, 229
What are the prime factors of 22507389?
3, 92623
List the prime factors of 178261.
178261
List the prime factors of 1097029.
1097029
What are the prime factors of 285067?
89, 3203
List the prime factors of 1626133.
1626133
List the prime factors of 36449.
7, 41, 127
What are the prime factors of 1030234?
2, 17, 157, 193
What are the prime factors of 1494959?
479, 3121
What are the prime factors of 3830266?
2, 11, 151, 1153
List the prime factors of 601627.
13, 46279
List the prime factors of 519701.
7, 13, 5711
What are the prime factors of 6951214?
2, 97, 35831
List the prime factors of 81346.
2, 89, 457
List the prime factors of 846471.
3, 282157
List the prime factors of 1152871.
541, 2131
List the prime factors of 2273711.
11, 19, 23, 43
List the prime factors of 121729.
41, 2969
What are the prime factors of 686211?
3, 228737
What are the prime factors of 305585?
5, 7, 8731
List the prime factors of 3226459.
83, 38873
List the prime factors of 382596.
2, 3, 31883
What are the prime factors of 79417?
13, 41, 149
List the prime factors of 7235431.
7, 31, 33343
List the prime factors of 961849.
7, 313, 439
List the prime factors of 1459283.
7, 208469
What are the prime factors of 919820?
2, 5, 11, 37, 113
What are the prime factors of 52134?
2, 3, 8689
List the prime factors of 705172.
2, 13, 71, 191
What are the prime factors of 582629?
53, 10993
What are the prime factors of 21169?
21169
List the prime factors of 3933234.
2, 3, 218513
List the prime factors of 7365019.
7365019
List the prime factors of 107346.
2, 3, 17891
List the prime factors of 438528.
2, 3, 571
List the prime factors of 295083.
3, 3643
What are the prime factors of 14725162?
2, 17, 433093
What are the prime factors of 2334655?
5, 229, 2039
What are the prime factors of 192084?
2, 3, 16007
What are the prime factors of 12080076?
2, 3, 41, 43, 571
What are the prime factors of 4938945?
3, 5, 11, 37, 809
What are the prime factors of 24?
2, 3
What are the prime factors of 2313370?
2, 5, 73, 3169
List the prime factors of 5011691.
1031, 4861
List the prime factors of 113634.
2, 3, 59, 107
List the prime factors of 530049.
3, 13, 13591
What are the prime factors of 2497444?
2, 349, 1789
What are the prime factors of 241799?
23, 10513
List the prime factors of 6714.
2, 3, 373
List the prime factors of 4663552.
2, 18217
What are the prime factors of 3895373?
1439, 2707
List the prime factors of 270650.
2, 5, 5413
What are the prime factors of 102310?
2, 5, 13, 787
List the prime factors of 401918.
2, 11, 18269
List the prime factors of 1234439.
1234439
What are the prime factors of 1235238?
2, 3, 23, 8951
What are the prime factors of 28117042?
2, 233, 60337
What are the prime factors of 13481686?
2, 6740843
List the prime factors of 3495646.
2, 7, 11, 22699
What are the prime factors of 17136812?
2, 7, 11, 55639
List the prime factors of 1696206.
2, 3, 19, 14879
What are the prime factors of 518243?
11, 4283
What are the prime factors of 5631739?
31, 181669
What are the prime factors of 1667949?
3, 89, 6247
What are the prime factors of 231123?
3, 77041
List the prime factors of 820478.
2, 410239
What are the prime factors of 736744?
2, 19, 37, 131
What are the prime factors of 2631415?
5, 526283
What are the prime factors of 34669?
37, 937
List the prime factors of 82293.
3, 27431
What are the prime factors of 33172?
2, 8293
List the prime factors of 74403.
3, 7, 1181
What are the prime factors of 230503?
7, 13, 17, 149
List the prime factors of 1594935.
3, 5, 23, 67
What are the prime factors of 3846316?
2, 53, 18143
List the prime factors of 416092.
2, 17, 29, 211
List the prime factors of 319874.
2, 159937
What are the prime factors of 35413?
7, 5059
List the prime factors of 905481.
3, 100609
What are the prime factors of 3234216?
2, 3, 17, 7927
What are the prime factors of 3133008?
2, 3, 21757
List the prime factors of 1030460.
2, 5, 67, 769
List the prime factors of 4810847.
17, 282991
What are the prime factors of 215932?
2, 37, 1459
What are the prime factors of 86586?
2, 3, 14431
List the prime factors of 4430154.
2, 3, 19, 38861
List the prime factors of 1036308.
2, 3, 7, 13, 73
What are the prime factors of 773394?
2, 3, 83, 1553
What are the prime factors of 2000194?
2, 7, 142871
What are the prime factors of 4842154?
2, 2421077
What are the prime factors of 992170?
2, 5, 47, 2111
What are the prime factors of 412574?
2, 23, 8969
What are the prime factors of 1693295?
5, 338659
List the prime factors of 3025376.
2, 94543
List the prime factors of 3195914.
2, 19, 31, 2713
List the prime factors of 11915.
5, 2383
List the prime factors of 3360569.
3360569
List the prime factors of 1806332.
2, 11, 61, 673
List the prime factors of 9715554.
2, 3, 229, 2357
List the prime factors of 260228.
2, 67, 971
List the prime factors of 641321.
37, 17333
List the prime factors of 31432016.
2, 7, 11, 31, 823
What are the prime factors of 572858?
2, 11, 13, 2003
List the prime factors of 31767.
3, 10589
What are the prime factors of 831123?
3, 92347
What are the prime factors of 374027?
151, 2477
What are the prime factors of 382580?
2, 5, 11, 37, 47
List the prime factors of 3826676.
2, 7, 19, 7193
List the prime factors of 878928.
2, 3, 18311
List the prime factors of 238991.
238991
List the prime factors of 4742672.
2, 11, 26947
What are the prime factors of 9253256?
2, 37, 43, 727
List the prime factors of 21813180.
2, 3, 5, 211, 1723
List the prime factors of 718711.
7, 102673
List the prime factors of 735558.
2, 3, 43, 2851
What are the prime factors of 154625?
5, 1237
List the prime factors of 2382820.
2, 5, 11, 10831
What are the prime factors of 1033208?
2, 11, 59, 199
What are the prime factors of 975684?
2, 3, 81307
List the prime factors of 9411059.
7, 601, 2237
List the prime factors of 199293.
3, 66431
What are the prime factors of 354280?
2, 5, 17, 521
List the prime factors of 9116259.
3, 3038753
What are the prime factors of 3814833?
3, 11, 115601
List the prime factors of 620530.
